{"id":3375,"date":"2023-06-30T11:12:41","date_gmt":"2023-06-30T09:12:41","guid":{"rendered":"https:\/\/lss-lighting.de\/?page_id=3375"},"modified":"2025-02-04T12:56:41","modified_gmt":"2025-02-04T10:56:41","slug":"rev24","status":"publish","type":"page","link":"https:\/\/lss-lighting.de\/?page_id=3375","title":{"rendered":"PowerDim 2 Rev. 24"},"content":{"rendered":"<p>Rev. 24 hat eine MAIN-CPU Infineon XE169 mit 100 MHz, 10 MB Flash, 1MB RAM, 2k EEPROM und eine DIM-CPU LSS0217-6 mit Infineon XE169 mit 80 MHz.<\/p>\n<p><span style=\"color: red;\">Wechsel auf &gt;= 2.10: Routing-Einstellungen gehen verloren, f\u00fcr alle Ports manuell vorher notieren!<br \/>\nDer Network-Rx-Timeout kann sich \u00e4ndern, Default f\u00fcr sACN ist 3s.<br \/>\nAb Version 2.10 ist die Software ConfigStudio erforderlich!<\/span><\/p>\n<table id=\"t02\">\n<tbody>\n<tr>\n<td>Dim-CPU<\/td>\n<td>2.10.14<\/td>\n<td>30.06.2023<\/td>\n<td><a href=\"..\/..\/wp-content\/uploads\/software\/PD3\/PowerDim3_Dim_v2.10.14.alu\">Download<\/a><\/td>\n<\/tr>\n<tr>\n<td>Main-CPU<\/td>\n<td>2.10<\/td>\n<td>PREFLASH &#8211; <b>Nur erforderlich bei Wechsel von Versionen 1.x<\/b><\/td>\n<td><a href=\"..\/..\/wp-content\/uploads\/software\/PD3\/PowerDim3_MainR24_v2.10_PREFLASH.alf\">Download<\/a><\/td>\n<\/tr>\n<tr>\n<td>Main-CPU<\/td>\n<td>2.11.25<\/td>\n<td>19.09.2023<\/td>\n<td><a href=\"..\/..\/wp-content\/uploads\/software\/PD3\/PowerDim3_MainR24_v2.11.25.alf\">Download<\/a><\/td>\n<\/tr>\n<tr>\n<td>Dim-CPU<\/td>\n<td>2.13.26<\/td>\n<td>11.12.2024<\/td>\n<td><a href=\"..\/..\/wp-content\/uploads\/software\/PD3\/PowerDim3_Dim_v2.13.26.alu\">Download<\/a><\/td>\n<\/tr>\n<tr>\n<td>Main-CPU<\/td>\n<td>2.13.62<\/td>\n<td>03.02.2025<\/td>\n<td><a href=\"..\/..\/wp-content\/uploads\/software\/PD3\/PowerDim3_MainR24_v2.13.62.alf\">Download<\/a><\/td>\n<\/tr>\n<tr>\n<td><\/td>\n<td><\/td>\n<td><\/td>\n<td><\/td>\n<\/tr>\n<\/tbody>\n<\/table>\n","protected":false},"excerpt":{"rendered":"<p>Rev. 24 hat eine MAIN-CPU Infineon XE169 mit 100 MHz, 10 MB Flash, 1MB RAM, 2k EEPROM und eine DIM-CPU LSS0217-6 mit Infineon XE169 mit 80 MHz. Wechsel auf &gt;= 2.10: Routing-Einstellungen gehen verloren, f\u00fcr alle Ports manuell vorher notieren! Der Network-Rx-Timeout kann sich \u00e4ndern, Default f\u00fcr sACN ist 3s. Ab Version 2.10 ist die [&hellip;]<\/p>\n","protected":false},"author":6,"featured_media":0,"parent":0,"menu_order":0,"comment_status":"closed","ping_status":"closed","template":"","meta":{"footnotes":""},"class_list":["post-3375","page","type-page","status-publish","hentry"],"jetpack_shortlink":"https:\/\/wp.me\/PawJHG-Sr","jetpack_sharing_enabled":true,"_links":{"self":[{"href":"https:\/\/lss-lighting.de\/index.php?rest_route=\/wp\/v2\/pages\/3375","targetHints":{"allow":["GET"]}}],"collection":[{"href":"https:\/\/lss-lighting.de\/index.php?rest_route=\/wp\/v2\/pages"}],"about":[{"href":"https:\/\/lss-lighting.de\/index.php?rest_route=\/wp\/v2\/types\/page"}],"author":[{"embeddable":true,"href":"https:\/\/lss-lighting.de\/index.php?rest_route=\/wp\/v2\/users\/6"}],"replies":[{"embeddable":true,"href":"https:\/\/lss-lighting.de\/index.php?rest_route=%2Fwp%2Fv2%2Fcomments&post=3375"}],"version-history":[{"count":23,"href":"https:\/\/lss-lighting.de\/index.php?rest_route=\/wp\/v2\/pages\/3375\/revisions"}],"predecessor-version":[{"id":4181,"href":"https:\/\/lss-lighting.de\/index.php?rest_route=\/wp\/v2\/pages\/3375\/revisions\/4181"}],"wp:attachment":[{"href":"https:\/\/lss-lighting.de\/index.php?rest_route=%2Fwp%2Fv2%2Fmedia&parent=3375"}],"curies":[{"name":"wp","href":"https:\/\/api.w.org\/{rel}","templated":true}]}}